{"id":23,"date":"2013-06-25T00:19:25","date_gmt":"2013-06-24T22:19:25","guid":{"rendered":"http:\/\/jeanettepeternek.de\/?page_id=23"},"modified":"2026-04-15T17:21:39","modified_gmt":"2026-04-15T15:21:39","slug":"haufige-fragen-faq","status":"publish","type":"page","link":"https:\/\/jeanettepeternek.de\/?page_id=23","title":{"rendered":"H\u00e4ufige Fragen (FAQ)"},"content":{"rendered":"<h4 align=\"LEFT\"><span style=\"font-family: Andalus, serif;\"><span style=\"font-size: medium;\"><b>1. Ab wann kann ich mit meinem Kind an einem PEKiP-Kurs teilnehmen?<\/b><\/span><\/span><\/h4>\n<h4 align=\"LEFT\"><span style=\"font-family: Andalus, serif;\"><span style=\"font-size: medium;\">Prinzipiell kann PEKiP mit Kindern begonnen werden, die vier bis sechs Wochen alt sind. <\/span><\/span><\/h4>\n<h4 align=\"LEFT\"><span style=\"font-family: Andalus, serif;\"><span style=\"font-size: medium;\">Meine Kurse starten in der Regel aber erst ab der 08. bis 10. Woche, da die Neugeborenen zun\u00e4chst Zeit und Geborgenheit bei ihren Lieben ben\u00f6tigen, um in ihrem Leben anzukommen.<\/span><\/span><\/h4>\n<h4 align=\"LEFT\"><span style=\"font-family: Andalus, serif;\"><span style=\"font-size: medium;\"><b>2. Ist eine Probestunde vor der Anmeldung m\u00f6glich?<\/b><\/span><\/span><\/h4>\n<h4 align=\"LEFT\"><span style=\"font-family: Andalus, serif;\"><span style=\"font-size: medium;\">Leider kann keine Probestunde angeboten werden. Feste Gruppen, in denen \u00fcber die gesamte Kursdauer dieselben Teilnehmer zusammenbleiben, helfen dem Kind, sich schneller in der neuen Spielsituation zurecht zu finden. Auch f\u00f6rdern feste Gruppen eine vertrauensvolle Atmosph\u00e4re f\u00fcr Kinder und Erwachsene. <\/span><\/span><\/h4>\n<h4 align=\"LEFT\"><span style=\"font-family: Andalus, serif;\"><span style=\"font-size: medium;\"><b>3. Bekomme ich die Teilnahme an einem PEKiP-KURS von meiner Krankenkasse erstattet?<\/b><\/span><\/span><\/h4>\n<h4 align=\"LEFT\"><span style=\"font-family: Andalus, serif;\"><span style=\"font-size: medium;\">Sie k\u00f6nnen eine Teilnahmebescheinigung erhalten, die Sie bei Ihrer Krankenkasse einreichen sollten. Ob oder in welchem Umfang Ihre Krankenkasse die Kosten eines Kurses \u00fcbernimmt, ist von Krankenkasse zu Krankenkasse unterschiedlich. <\/span><\/span><\/h4>\n<h4 align=\"LEFT\"><span style=\"font-family: Andalus, serif;\"><span style=\"font-size: medium;\"><b>4. Kann ich auch mit Zwillingen an einen PEKiP-Kurs teilnehmen? <\/b><\/span><\/span><\/h4>\n<h4 align=\"LEFT\"><span style=\"font-family: Andalus, serif;\"><span style=\"font-size: medium;\">Ja. F\u00fcr Zwillinge gibt es aber einen anderen Kurskostenbeitrag. Das erste Kind bezahlt den vollen Preis, das zweite Kind nur die H\u00e4lfte. Organisatorisch ist es g\u00fcnstig, einen weiteren Erwachsenen mitzubringen (die Oma, eine Freundin etc.). Sie k\u00f6nnen aber nat\u00fcrlich auch als alleiniger Elternteil mit ihren Zwillingen teilnehmen.<\/span><\/span><\/h4>\n<h4 align=\"LEFT\"><span style=\"font-family: Andalus, serif;\"><span style=\"font-size: medium;\"><b>5. Kann ich auch mit einem fr\u00fchgeborenen Kind an einem PEKiP-Kurs teilnehmen?<\/b><\/span><\/span><\/h4>\n<h4 align=\"LEFT\"><span style=\"font-family: Andalus, serif;\"><span style=\"font-size: medium;\">Ja, selbstverst\u00e4ndlich. PEKiP orientiert sich immer am tats\u00e4chlich gegebenen Entwicklungsstand jedes einzelnen Kindes und bietet immer individuell angepasste Anregungen. Bei der Anmeldung sollten Sie dann aber bereits erw\u00e4hnen, dass ihr Kind zu fr\u00fch geboren ist, ich werde Sie dann der passenden Gruppe zuordnen (nicht der Geburtstag, sondern der errechnete Entbindungstermin ist hier ausschlaggebend).<\/span><\/span><\/h4>\n<h4 align=\"LEFT\"><span style=\"font-family: Andalus, serif;\"><span style=\"font-size: medium;\"><b>6. Kann ich auch mit einem Kind teilnehmen, das eine Behinderung hat?<\/b><\/span><\/span><\/h4>\n<h4 align=\"LEFT\"><span style=\"font-size: medium;\"><span style=\"font-family: Andalus, serif;\">Selbstverst\u00e4ndlich kann jeder an einem PEKiP-Kurs teilnehmen, auch Mamas oder Papas mit Kindern, die eine Behinderung haben. Gut w\u00e4re es, wenn vorher R\u00fccksprache mit dem Arzt gehalten wird, insbesondere wenn es motorische Einschr\u00e4nkungen gibt. Die Eltern sind aber meistens bestens \u00fcber ihr Kind informiert und wissen genau, an welchen Anregungen es teilnehmen kann.Wir schauen dann individuell, wo ihr Kind steht und bieten dementsprechende Spiel- und Bewegungsanregungen an. So wird es auch bei allen anderen Kindern gemacht.<\/span><\/span><\/h4>\n<h4 align=\"LEFT\"><span style=\"font-family: Andalus, serif;\"><span style=\"font-size: medium;\"><b>7. Warum sind die Kinder beim PEKiP nackt?<\/b><\/span><\/span><\/h4>\n<h4 align=\"LEFT\"><span style=\"font-family: Andalus, serif;\"><span style=\"font-size: medium;\">Weil die Kinder sich ohne Kleidung und ohne Windeln viel spontaner und intensiver bewegen k\u00f6nnen. Es kommt nicht selten vor, das Kinder beim PEKiP neue Bewegungen ausprobieren, die sie zu Hause erst viel sp\u00e4ter machen. Zudem k\u00f6nnen die Kinder \u00fcber die Haut die Ber\u00fchrungen der Eltern und des Materiales viel intensiver wahrnehmen.<br \/>\nDer Gruppenraum ist mit ca. 24 Grad warm genug zum Spielen ohne Kleidung, was zu Hause meist schwer zu erreichen ist.<\/span><\/span><\/h4>\n<h4 align=\"LEFT\"><span style=\"font-family: Andalus, serif;\"><span style=\"font-size: medium;\"><b>8. Ist das nicht unhygienisch, wenn die Kinder nackt sind und \u00fcberall Pipi machen?<\/b><\/span><\/span><\/h4>\n<h4 align=\"LEFT\"><span style=\"font-family: Andalus, serif;\"><span style=\"font-size: medium;\">Ein Eimer Wasser und ein Lappen stehen immer bereit, so das kleine Pf\u00fctzen problemlos weg gewischt werden k\u00f6nnen. Au\u00dferdem ist Babyurin steril, so dass keine Infektion m\u00f6glich ist. Die Matten sind wasserundurchl\u00e4ssig, so dass auch dort keine bleibenden Urinpf\u00fctzen versinken, sondern problemlos mit einem Lappen aufgewischt werden. Bei Spielanregungen, bei denen das Kind auf der Mutter oder sehr nahe an der Mutter ist, kann die Windel f\u00fcr diesen Zeitraum anbehalten werden.<\/span><\/span><\/h4>\n<h4 align=\"LEFT\"><span style=\"font-family: Andalus, serif;\"><span style=\"font-size: medium;\"><b>9. Was muss ich zum PEKiP\u2013Kurs mitbringen? <\/b><\/span><\/span><\/h4>\n<h4 align=\"LEFT\"><span style=\"font-family: Andalus, serif;\"><span style=\"font-size: medium;\">Eine Wickelunterlagen oder ein Handtuch f\u00fcr ihr Kind, und alles, was sie so oder so schon dabei haben werden (Windeln,etc.).Da der Raum warm ist, w\u00e4re d\u00fcnne Kleidung f\u00fcr Mutter\/Vater sinnvoll .<\/span><\/span><\/h4>\n<h4 align=\"LEFT\"><span style=\"font-family: Andalus, serif;\"><span style=\"font-size: medium;\"><b>10. Was ist, wenn ich nicht p\u00fcnktlich zum Kursanfang komme oder ich fr\u00fcher gehen muss?<\/b><\/span><\/span><\/h4>\n<h4 align=\"LEFT\"><span style=\"font-family: Andalus, serif;\"><span style=\"font-size: medium;\">Das ist hier \u00fcberhaupt kein Problem, denn beim PEKiP gibt es keinen echten Anfang und kein echtes Ende. <\/span><\/span><\/h4>\n<h4 align=\"LEFT\"><span style=\"font-family: Andalus, serif;\"><span style=\"font-size: medium;\">Kommen Sie dann, wenn es f\u00fcr Sie und Ihr Kind richtig erscheint, seien es 10 Minuten oder noch sp\u00e4ter.Wenn sich ein Kommen f\u00fcr Sie noch lohnt, sind Sie jederzeit willkommen. Auch wenn Sie fr\u00fcher gehen m\u00fcssen, ist das kein Problem. Es ist gut, wenn Sie die Signale Ihres Kindes richtig deuten und merken, wenn es nach Hause m\u00f6chte.<\/span><\/span><\/h4>\n<h4 align=\"LEFT\"><span style=\"font-family: Andalus, serif;\"><span style=\"font-size: medium;\"><b>11. Mein Kind ist krank &#8211; d\u00fcrfen wir trotzdem zum PEKiP-Kurs kommen?<\/b><\/span><\/span><\/h4>\n<h4 align=\"LEFT\"><span style=\"font-family: Andalus, serif;\"><span style=\"font-size: medium;\">Das kommt auf die Krankheit und ihren bisherigen Verlauf an. Wenn das Kind gerade erst krank geworden ist, kommen Sie bitte nicht in die Gruppe \u2013 Sie wissen dann noch nicht sicher, um was es sich handelt und die Ansteckungsgefahr ist zu Beginn hoch. Wenn das Kind aber schon l\u00e4nger eine laufende Nase hat oder etwas hustet und kein Fieber hat, k\u00f6nnen Sie teilnehmen, sofern es dem Kind dabei gut geht.<\/span><\/span><\/h4>\n<h4 align=\"LEFT\"><span style=\"font-family: Andalus, serif;\"><span style=\"font-size: medium;\"><b>12. K\u00f6nnen PEKiP-Stunden nachgeholt werden, wenn wir welche verpasst haben?<\/b><\/span><\/span><\/h4>\n<h4 align=\"LEFT\"><span style=\"font-family: Andalus, serif;\"><span style=\"font-size: medium;\">Nein, das ist nicht m\u00f6glich, da die Kurse in sich geschlossen sind. Dieselben Teilnehmer bleiben im ersten Lebensjahr der Kinder zusammen.&nbsp;<\/span><\/span><\/h4>\n","protected":false},"excerpt":{"rendered":"<p>1. Ab wann kann ich mit meinem Kind an einem PEKiP-Kurs teilnehmen? Prinzipiell kann PEKiP mit Kindern begonnen werden, die vier bis sechs Wochen alt sind. Meine Kurse starten in der Regel aber erst ab der 08. bis 10. Woche, da die Neugeborenen zun\u00e4chst Zeit und Geborgenheit bei ihren Lieben ben\u00f6tigen, um in ihrem Leben [&hellip;]<\/p>\n","protected":false},"author":1,"featured_media":0,"parent":0,"menu_order":5,"comment_status":"closed","ping_status":"open","template":"page-full.php","meta":{"ngg_post_thumbnail":0,"footnotes":""},"class_list":["post-23","page","type-page","status-publish","hentry"],"_links":{"self":[{"href":"https:\/\/jeanettepeternek.de\/index.php?rest_route=\/wp\/v2\/pages\/23","targetHints":{"allow":["GET"]}}],"collection":[{"href":"https:\/\/jeanettepeternek.de\/index.php?rest_route=\/wp\/v2\/pages"}],"about":[{"href":"https:\/\/jeanettepeternek.de\/index.php?rest_route=\/wp\/v2\/types\/page"}],"author":[{"embeddable":true,"href":"https:\/\/jeanettepeternek.de\/index.php?rest_route=\/wp\/v2\/users\/1"}],"replies":[{"embeddable":true,"href":"https:\/\/jeanettepeternek.de\/index.php?rest_route=%2Fwp%2Fv2%2Fcomments&post=23"}],"version-history":[{"count":4,"href":"https:\/\/jeanettepeternek.de\/index.php?rest_route=\/wp\/v2\/pages\/23\/revisions"}],"predecessor-version":[{"id":783,"href":"https:\/\/jeanettepeternek.de\/index.php?rest_route=\/wp\/v2\/pages\/23\/revisions\/783"}],"wp:attachment":[{"href":"https:\/\/jeanettepeternek.de\/index.php?rest_route=%2Fwp%2Fv2%2Fmedia&parent=23"}],"curies":[{"name":"wp","href":"https:\/\/api.w.org\/{rel}","templated":true}]}}